f f?
2
Let x(p) be the second derivative of -19*p**3/6 + 29*p**2/2 - 7*p. Suppose 3*q + 4*l = -5, 4*q + 0*q = 2*l - 36. What is the units digit of x(q)?
2
Suppose 66*s = 313*s - 95095. What is the hundreds digit of s?
3
Let n(l) = -649*l - 232. Let m be n(-5). Let s = m - 1540. What is the tens digit of s?
7
Suppose g = -5*g + 12. Suppose -1160 = -5*j + l + g*l, j + 4*l = 232. What is the units digit of j?
2
Let o be (-1)/1 - (-3 + -1*52). Suppose 706 = 10*b - o. Let f = b + 24. What is the tens digit of f?
0
Let h(g) be the third derivative of g**4/24 + g**3/3 - g**2. Let b be ((-144)/(-180))/(28/(-15) - -2). What is the units digit of h(b)?
8
Let k(t) = -241*t + 5. Suppose -3*i - 1 = -2*h, -2*i + 5 - 11 = 4*h. What is the hundreds digit of k(h)?
2
Suppose 0*u - 408 = -2*u. Suppose -1416 = -6*p - u. What is the units digit of p?
2
Suppose 193738 = 96*g - 139646 - 139128. What is the thousands digit of g?
4
Let z be (-1904)/(-35) + 4/(-10). Suppose m - z = -8*m. Let u = m + 1. What is the units digit of u?
7
Let o = -432 + 964. Let k = 234 + o. What is the units digit of k?
6
Suppose 0 = 7*h - 1 - 6. Suppose -3*c - 2*o + 14 = 0, h - 20 = -5*c + o. Suppose c*q + 5*q = 486. What is the units digit of q?
4
Suppose 0*u = u + 490. Let f be 3/(-9) + 12480/18. Let g = f + u. What is the tens digit of g?
0
Suppose -6*q + 533 = -391. Suppose 174 = -2*t - q. Let x = 314 + t. What is the tens digit of x?
5
Let v = 45545 - 4951. What is the ten thousands digit of v?
4
What is the hundreds digit of (-5686)/28*-80 - (-236)/826?
2
Suppose -222*x = -221*x + 3*z - 7136, -4*z + 12 = 0. What is the units digit of x?
7
Let q = -72 - -71. Let i be (0/(-2 + 6))/((-1)/q). Suppose 4*b = 3*u - 439, i*u - b = -u + 146. What is the hundreds digit of u?
1
Let h be (-4 + -10 + 6)/(2/(-55)). Suppose -3*d + d = -h. Let r = -65 + d. What is the units digit of r?
5
Let w(p) = 5*p**2 + 17*p - 163. What is the tens digit of w(-35)?
6
Suppose -q + 2*x + 12 = -2*x, -3*x = q + 9. What is the thousands digit of 320/5*17/(1 + q)?
1
Let p(t) be the third derivative of t**6/144 + 19*t**5/120 - 13*t**4/24 - 8*t**2. Let l(j) be the second derivative of p(j). What is the tens digit of l(11)?
7
Suppose -127*m + 30870 = -109*m. What is the thousands digit of m?
1
Let b(r) = -2*r**3 + 15*r**2 - 20*r - 95. What is the ten thousands digit of b(-23)?
3
Suppose 436*y - 2629606 - 11657506 = 4543728. What is the hundreds digit of y?
1
Let d be (-2)/(-1) + (-22)/(-11). Let q be (-1)/3 - 3/18*d. What is the units digit of (-3 + 126)*q*1/(-3)?
1
Suppose -5099 - 4181 = -5*u - f, 3*u - 5555 = 2*f. What is the hundreds digit of u?
8
Let u(p) = -23*p + 3. Let w be u(-1). Suppose -w = 5*g - 41. Suppose -g*a = -4*q + 374, -7*q + 450 = -2*q + 5*a. What is the units digit of q?
2
Suppose 95061 = 33*r - 235467. What is the ten thousands digit of r?
1
Let b be (8/(-12))/((-26)/24 - -1). Suppose 9*a = -b - 1. What is the units digit of ((-11)/55)/(1/5*a)?
1
Suppose -21*p - 136919 = -44*p. What is the tens digit of p?
5
Let y be -4 + 12/6 + 4. Let s = -3 - -6. What is the tens digit of (10 + -1)/s - (-44 - y)?
4
What is the ten thousands digit of 7 - 563962/(-34) - (-2)/(-17)?
1
Let x(k) = k - 20. Let n be x(10). Let m = -2746 - -2811. Let p = m + n. What is the units digit of p?
5
Let y = 181358 + -65024. What is the hundreds digit of (-3)/(-7) - y/(-161)?
7
Let h be -11*((-2)/(-6))/(5/(-465)). Suppose 16*k + 267 = -h. Let b = k + 112. What is the units digit of b?
4
Let v be 402/30 + (-10)/25. Suppose v*t = t + 2544. What is the hundreds digit of t?
2
Suppose -17*k + 15*k + 207884 = 8*n, 0 = -2*k + 4. What is the hundreds digit of n?
9
Let z = 13894 + 4684. What is the units digit of z?
8
Let n = 6 - 6. Suppose 5*w - m - 2 = n, 2*w + 5*m = w + 16. What is the units digit of (52/(-12))/(w/(-3))?
3
What is the tens digit of 19919 - (282/(-470) + (-17)/5)?
2
Let z be (288/(-45))/((-4)/10). Let t(p) = p**3 - 14*p**2 - 36*p + 4. Let y be t(z). What is the units digit of (-48)/y - 236/(-5)?
8
Let d = -26 + 98. Let f = -66 + d. What is the units digit of (-2)/f - (-185)/15?
2
Suppose 178 = 3*p - 146. Let b(u) = u - 25. Let i be b(6). Let r = i + p. What is the tens digit of r?
8
Let p(b) = -b**2 + 12*b - 24. Let o be p(3). What is the units digit of o - (-2380)/(-8)*-2?
8
Suppose 6*b - 3*b + 931 = -4*w, -4*w - 1244 = 4*b. Let g = b - -912. What is the units digit of g?
9
Suppose -a - 18 = j, 5*a = -0*a + 15. Let s = j + 22. What is the units digit of (-5 - -6)/(s/14)?
4
Suppose -r - r = 8*r. Suppose r = 11*w - 11820 - 5615. What is the units digit of w?
5
Suppose 16*k - 13*k = -3*g + 30, 4*k - 13 = -g. Let r(b) = b**2 + 27*b - 79. What is the hundreds digit of r(g)?
2
Suppose -57*z - 424638 = -119*z. What is the thousands digit of z?
6
What is the tens digit of (-13)/(3211/38) - 6924/(-52)?
3
Let b = -216 + 208. What is the units digit of (1084/(-16))/(2/b)?
1
Let o(x) = -5*x**3 - 92*x**2 - 37*x - 15. Let g be o(-18). Suppose l + 186 = g*l. What is the tens digit of l?
9
Let c(b) = -129*b + 326. What is the units digit of c(-9)?
7
Suppose -4*h = 3*r - 2*r - 44, 2*h - 28 = r. Suppose 0 = 3*n - 4*i - 770, 0 = 2*n + h*i - 10*i - 504. What is the hundreds digit of n?
2
Let y = -4243 + 8590. Suppose 9*q - y - 4644 = 0. What is the units digit of q?
9
Let x = 2166 + 3048. What is the units digit of x?
4
Let k(f) = f**2 + 4. Let m be k(-7). Let i = 39 - 27. Let v = m - i. What is the units digit of v?
1
Let p(f) = -4*f**2 - 12*f**2 - f + 14*f**2 + f**3 - 4. Let q be p(3). Let y(x) = 16*x**2 - x - 1. What is the tens digit of y(q)?
6
Let u be (-1)/(-2 + 0)*4/2. Let g be (u + 75)*26/(-4) - 4. What is the units digit of (-12)/6*(g/4 - 1)?
1
Let q be (-114)/(-8) + 539/308. What is the thousands digit of (-7294)/(-6) + q/(-24)?
1
Let i(z) = 2*z**2 + 17*z - 39. Let d be i(2). Suppose 5*p - 437 - 355 = -d*u, 0 = 2*p. What is the hundreds digit of u?
2
Let x be 2*4 + 1 + 57. Suppose 45*u - x*u = -483. What is the units digit of u?
3
Let i(j) = -133*j - 141*j + 37 + 400*j - 137*j. What is the hundreds digit of i(-7)?
1
Suppose 10*j - 11*j = -5, 3*t = 4*j + 4. What is the hundreds digit of (-5)/(-22 + 2) + 1422/t?
1
Let k = 150 - 137. Suppose k*j - 3231 = 1722. What is the hundreds digit of j?
3
Let l(z) = 24*z + 161 + 53*z - 20*z + 65*z. What is the hundreds digit of l(5)?
7
Let i = -1 + 13. Let o = i + -15. Let m = 49 + o. What is the tens digit of m?
4
Suppose 0 = -13*v + 1750 - 1724. Let z be (12/(-10))/(1/5). What is the tens digit of z/((-72)/356) + v/(-3)?
2
Let i be 10/2*(-7)/(28/(-8)). Suppose 15*x - i*x = 2460. Suppose 10*a - x = 398. What is the tens digit of a?
8
Suppose 19 - 64 = -9*c. Suppose -c*v - 2*u = -309, -49 = -v + 4*u + 4. Let g = v - -115. What is the units digit of g?
6
Suppose 140*j = 11*j + 476268. What is the hundreds digit of j?
6
Let i(t) = -t**3 - 14*t**2 + 5. Let s be i(-14). Suppose 0 = -2*w - s*q + 803 - 200, 4*w = -3*q + 1241. What is the hundreds digit of w?
3
What is the units digit of ((-74392)/(-6) - 2)/(((-70)/7)/(-30))?
0
Let r = 1574 - 549. Let p be ((-6)/(-4))/(r/260 - 4). Let a = p + 257. What is the units digit of a?
1
Suppose 2*p = 2*n - 10, -8*n - p + 5 = -4*n. Let w be (18 + -13)/((n/1)/2). What is the tens digit of 5 - w - -3 - -54?
5
Suppose -16*b - 100949 = -21*b - 2*d, -b = d - 20185. What is the thousands digit of b?
0
What is the hundreds digit of 27/(135/21280) - (-1)/(-1)?
2
Let r = 42 - 35. Suppose t + 995 = 3*p, -r*p + t = -3*p - 1325. What is the units digit of p?
0
Let q(j) = 21*j**3 - 3*j**2 - 16*j + 14. What is the hundreds digit of q(5)?
4
Let s(m) = -18*m**2 - 7*m + 1832. Let u(w) = 21*w**2 + 8*w - 1832. Let l(f) = 6*s(f) + 5*u(f). What is the units digit of l(0)?
2
Suppose 104274 = 1075*v - 1057*v. What is the tens digit of v?
9
Let f = 4 - 0. Let v = 40 + -35. Suppose -4*o = -3*j - 271, v*j + 72 = f*o - 201. What is the units digit of o?
7
Suppose -93*g = 88*g + 3*g - 16696712. What is the tens digit of g?
4
Let x be 1/3 + 27166/51. Let b = x + -267. Suppose -5*n + 49 + b = 0. What is the units digit of n?
3
Suppose -5*j + 120 = 2*u, 4*u + j - 58 - 200 = 0. Suppose -u*z + 69*z = 628. What is the units digit of z?
7
Let y(r) = 5*r + 24. Let n be 47*-1*3*1/(-3). Sup